{"id":11,"date":"2012-04-17T22:00:37","date_gmt":"2012-04-17T22:00:37","guid":{"rendered":"http:\/\/hammo.lima-city.de\/?page_id=11"},"modified":"2022-10-01T15:24:08","modified_gmt":"2022-10-01T15:24:08","slug":"relaunch-meiner-homepage","status":"publish","type":"page","link":"https:\/\/derhammerl.de\/?page_id=11","title":{"rendered":"\u00dcber mich"},"content":{"rendered":"<h3 align=\"left\">&#8220;F\u00fcr Wunder muss man beten, f\u00fcr Ver\u00e4nderungen arbeiten.&#8221;<\/h3>\n<p>Ich glaube zutiefst daran, dass die Menschen ihre Welt &#8211; im Kleinen wie im Gro\u00dfen &#8211; positiv ver\u00e4ndern k\u00f6nnen. Daf\u00fcr brauchen es drei Dinge: Erstens ein stabiles Werteger\u00fcst, welches sich in meinem Fall auf auf folgenden Nenner bringen l\u00e4\u00dft: Freiheit, Gleichheit und Solidarit\u00e4t. Zweitens ben\u00f6tigt man eine Vorstellung der Zukunft, ein Ziel auf welches man sich aussrichtet. Meine Vision der Zukunft ist eine humane Gesellschaft, in welcher die Menschen sich frei entfalten k\u00f6nnen und sich gegenseitig unterst\u00fctzen. Und drittens ist es der Mut, der es einem erm\u00f6glicht, den Weg zum Ziel auch dann zu gehen, wenn er steinig wird.<\/p>\n<p>Beruflich habe ich mein Leben der kommunalen Kultur- und Museumsarbeit gewidment. Eine erfolgreiche kommunale Kultur- und Museumsarbeit schafft R\u00e4ume, die es allen B\u00fcrgerinnen und B\u00fcrgern erm\u00f6glichen, sich nach ihren sozialen, kommunikativen und \u00e4sthetischen Bed\u00fcrfnissen zu entfalten. Denn Kultur gibt den Menschen Orientierung und Selbstvertrauen, stiftet Identit\u00e4t und macht ihr Leben einfach sch\u00f6ner. Kultur ist der Kitt, der eine Gesellschaft zusammen h\u00e4lt.<\/p>\n<p>Die gegenw\u00e4rtigen gesellschaftlichen Umw\u00e4lzungen, besonders die Digitalisierung, die \u00d6konomisierung und die Migration, erfordern eine stetige Weiterentwicklung der kommunalen Kultur- und Museumsarbeit, jedoch ohne das tradierte kulturelle Erbe aus den Augen zu verlieren. Als Volkskundler, Historiker und Kunsthistoriker stelle ich mich jeden Tag dieser Herausforderung.<\/p>\n","protected":false},"excerpt":{"rendered":"<p>&#8220;F\u00fcr Wunder muss man beten, f\u00fcr Ver\u00e4nderungen arbeiten.&#8221; Ich glaube zutiefst daran, dass die Menschen ihre Welt &#8211; im Kleinen wie im Gro\u00dfen &#8211; positiv ver\u00e4ndern k\u00f6nnen. Daf\u00fcr brauchen es drei Dinge: Erstens ein stabiles Werteger\u00fcst, welches sich in meinem Fall auf auf folgenden Nenner bringen l\u00e4\u00dft: Freiheit, Gleichheit und<\/p>\n<div class=\"belowpost\"><a class=\"btnmore icon-arrow\" href=\"https:\/\/derhammerl.de\/?page_id=11\"><span>Read More<\/span><\/a><\/div>\n","protected":false},"author":1,"featured_media":0,"parent":0,"menu_order":0,"comment_status":"closed","ping_status":"open","template":"","meta":{"footnotes":""},"class_list":["post-11","page","type-page","status-publish","hentry"],"_links":{"self":[{"href":"https:\/\/derhammerl.de\/index.php?rest_route=\/wp\/v2\/pages\/11","targetHints":{"allow":["GET"]}}],"collection":[{"href":"https:\/\/derhammerl.de\/index.php?rest_route=\/wp\/v2\/pages"}],"about":[{"href":"https:\/\/derhammerl.de\/index.php?rest_route=\/wp\/v2\/types\/page"}],"author":[{"embeddable":true,"href":"https:\/\/derhammerl.de\/index.php?rest_route=\/wp\/v2\/users\/1"}],"replies":[{"embeddable":true,"href":"https:\/\/derhammerl.de\/index.php?rest_route=%2Fwp%2Fv2%2Fcomments&post=11"}],"version-history":[{"count":41,"href":"https:\/\/derhammerl.de\/index.php?rest_route=\/wp\/v2\/pages\/11\/revisions"}],"predecessor-version":[{"id":1235,"href":"https:\/\/derhammerl.de\/index.php?rest_route=\/wp\/v2\/pages\/11\/revisions\/1235"}],"wp:attachment":[{"href":"https:\/\/derhammerl.de\/index.php?rest_route=%2Fwp%2Fv2%2Fmedia&parent=11"}],"curies":[{"name":"wp","href":"https:\/\/api.w.org\/{rel}","templated":true}]}}

Über mich

<h3 align="left">&#8220;Für Wunder muss man beten, für Veränderungen arbeiten.&#8221;</h3>
<p>Ich glaube zutiefst daran, dass die Menschen ihre Welt &#8211; im Kleinen wie im Großen &#8211; positiv verändern können. Dafür brauchen es drei Dinge: Erstens ein stabiles Wertegerüst, welches sich in meinem Fall auf auf folgenden Nenner bringen läßt: Freiheit, Gleichheit und Solidarität. Zweitens benötigt man eine Vorstellung der Zukunft, ein Ziel auf welches man sich aussrichtet. Meine Vision der Zukunft ist eine humane Gesellschaft, in welcher die Menschen sich frei entfalten können und sich gegenseitig unterstützen. Und drittens ist es der Mut, der es einem ermöglicht, den Weg zum Ziel auch dann zu gehen, wenn er steinig wird.</p>
<p>Beruflich habe ich mein Leben der kommunalen Kultur- und Museumsarbeit gewidment. Eine erfolgreiche kommunale Kultur- und Museumsarbeit schafft Räume, die es allen Bürgerinnen und Bürgern ermöglichen, sich nach ihren sozialen, kommunikativen und ästhetischen Bedürfnissen zu entfalten. Denn Kultur gibt den Menschen Orientierung und Selbstvertrauen, stiftet Identität und macht ihr Leben einfach schöner. Kultur ist der Kitt, der eine Gesellschaft zusammen hält.</p>
<p>Die gegenwärtigen gesellschaftlichen Umwälzungen, besonders die Digitalisierung, die Ökonomisierung und die Migration, erfordern eine stetige Weiterentwicklung der kommunalen Kultur- und Museumsarbeit, jedoch ohne das tradierte kulturelle Erbe aus den Augen zu verlieren. Als Volkskundler, Historiker und Kunsthistoriker stelle ich mich jeden Tag dieser Herausforderung.</p>

<p>&#8220;Für Wunder muss man beten, für Veränderungen arbeiten.&#8221; Ich glaube zutiefst daran, dass die Menschen ihre Welt &#8211; im Kleinen wie im Großen &#8211; positiv verändern können. Dafür brauchen es drei Dinge: Erstens ein stabiles Wertegerüst, welches sich in meinem Fall auf auf folgenden Nenner bringen läßt: Freiheit, Gleichheit und</p>
<div class="belowpost"><a class="btnmore icon-arrow" href="https://derhammerl.de/?page_id=11"><span>Read More</span></a></div>
